f (238/(-4))/((24/6)/(-8)).
7, 17
Let z = -323 + 585. What are the prime factors of z?
2, 131
Let o be 8/((-6)/(-4) - 2). Let m = o - -33. What are the prime factors of m?
17
Suppose 2*c + 15 - 135 = -4*u, 3*c + 3*u - 174 = 0. Suppose 5*q + 2*z = z + 64, 5*z - c = -3*q. List the prime factors of q.
2, 3
Let i(o) = -2*o**3 - 2*o**2 - 7*o - 11. List the prime factors of i(-3).
2, 23
Let n be (34/(-4))/(1/(-2)). Suppose 2*z = z + n. What are the prime factors of z?
17
Let h be (-10)/(-25) - (-356)/10. Suppose -2*r - h = -5*r. What are the prime factors of r?
2, 3
Let w = 122 - 63. List the prime factors of w.
59
Suppose x + 8 = 5*x. Suppose 0 = x*n - 3*n + 3. Suppose -5*s - n = -73. What are the prime factors of s?
2, 7
Let s(l) = -l + 5. Suppose -q = q + 12. Let h be (-1)/2 + q/(-12). List the prime factors of s(h).
5
List the prime factors of (626 + 0 + -4)/(0 - -2).
311
Suppose -2*g + 6*g - 5*p = 60, p = -4. Suppose -5*b + g + 10 = 0. List the prime factors of b.
2
Let t = -13 - -7. Let y(v) be the first derivative of -v**3/3 - 7*v**2/2 + 6*v - 14. List the prime factors of y(t).
2, 3
Suppose -o - 3*s - 6 = -4*o, -3*o + 6 = s. Suppose -o*d = d. Suppose d = 3*c - 1 - 26. List the prime factors of c.
3
What are the prime factors of (-2 - -4)*4 + 3?
11
Suppose -57 = 6*n - 9*n. Let o(u) = -u**2 + 4*u - 2. Let z be o(3). Let p = n - z. List the prime factors of p.
2, 3
Suppose -3*r - 6 = 0, 3*c - r = -2*c + 302. What are the prime factors of c?
2, 3, 5
Let x(r) = r**3 - 9*r**2 + 12*r - 2. Let h be x(8). Suppose -2*i - 5*w - 3 = 0, 2*i - 6 = -w + 3. Suppose -p + i*p = h. What are the prime factors of p?
2, 3
Let d = -18 - -33. Suppose -j + 2*j = -d. Let q = -6 - j. List the prime factors of q.
3
Let t = -8 - -4. Let x(g) = -4*g - 3. Let r be x(t). Suppose 1 = -2*y + r. What are the prime factors of y?
2, 3
Let g = 5 - -44. List the prime factors of g.
7
What are the prime factors of (3/(-5))/((18/30)/(-3))?
3
Let u(t) = -t**3 - 7*t**2 + 8*t + 4. Let h be u(-8). Suppose -x - 49 = 4*o - 4*x, h*o + x = -37. List the prime factors of (-4)/o + (-372)/(-20).
19
Let o = 26 + -17. What are the prime factors of o?
3
Let q = 119 - 71. List the prime factors of q.
2, 3
Let s(t) = 14*t**2 - t + 4. Let i = 20 - 18. What are the prime factors of s(i)?
2, 29
Let p = 1 - 1. Suppose -5*f + 50 = -p*f. List the prime factors of f.
2, 5
Let w = -139 + 199. List the prime factors of w.
2, 3, 5
Suppose -4*j + 7*j - 47 = 2*k, 0 = 5*j - 3*k - 80. List the prime factors of j*1/(-2 - -3).
19
Let m(h) = h**2 - 5*h + 7. Let k = 0 - -4. Suppose 4*p = 5*g - 25, 0*p - 3*p - 20 = -k*g. What are the prime factors of m(g)?
7
What are the prime factors of (1 - -246) + (-21 - -22)?
2, 31
Let l be 4/18 + 215/45. Suppose -2*t + l*v + 2 = -1, -5*t = -4*v - 33. What are the prime factors of t?
3
Let n(x) = x**2 - x + 2. Let l be n(-5). Let q = -15 + l. List the prime factors of q.
17
List the prime factors of 64/(-40)*110/(-4).
2, 11
Let u(y) = 2*y**2 - 3*y - 2. Let k(a) = a**2 - 9*a + 3. Let r be k(9). What are the prime factors of u(r)?
7
Let c = -37 + 109. What are the prime factors of c?
2, 3
Let a(x) be the third derivative of x**5/40 + x**4/12 - x**3/3 - 3*x**2. Let f(h) be the first derivative of a(h). List the prime factors of f(2).
2
Let d(i) = 21*i**3 - 2*i**2 + 2*i - 1. Let p(f) = -f**3 + 3*f**2 + 2*f + 5. Let b be p(4). Let w = b - -4. What are the prime factors of d(w)?
2, 5
Suppose 3*c - 20 = c. Let w be 1 - 2 - (3 - 19). Let y = w - c. What are the prime factors of y?
5
Suppose a = 3*y + 23, 3*y - 2*a = -13 - 6. What are the prime factors of y/5*(-10)/3?
2, 3
Let v = 174 + -96. List the prime factors of v.
2, 3, 13
Let g(d) = d**3 - 2*d**2 + d + 2. Let c be g(2). Suppose -c*l = l + 10. Let s = 2 - l. What are the prime factors of s?
2
Let h(c) = c**2 - 7*c + 4. Let b be h(7). List the prime factors of 93/b + (-6)/24.
23
Let u(k) = k + 6. Let f be u(7). Suppose 0 = 5*a + f - 38. List the prime factors of a.
5
Suppose 3*z + 4*l - 27 = 31, 0 = -2*l + 8. Let s be (1/(-2))/(2/(-32)). Let b = z - s. What are the prime factors of b?
2, 3
Let d be 24/(-2) - (-1 - -1). Let f = 7 - d. List the prime factors of f.
19
Let l(c) = -2*c**2 + c + 163. List the prime factors of l(0).
163
Let s(b) = -57*b**3 - b**2 + b. Let m be s(1). Let g = -27 - m. What are the prime factors of g?
2, 3, 5
Suppose -x - 2*x - 5*f - 14 = 0, -2*x = f. Let q = 28 - x. What are the prime factors of q?
2, 13
Let u be 1 - -47 - (10 + -7). Suppose 0 = -4*j + 27 + u. List the prime factors of j.
2, 3
Let u be ((-20)/25)/(1/(-5)). Let g be (88/(-12))/(u/6). Let x = -7 - g. What are the prime factors of x?
2
Let k = -280 + 477. List the prime factors of k.
197
Let z = -5 + 8. Suppose -11 = -4*i - z. What are the prime factors of i?
2
Let i(c) = c**3 - 2*c**2 - 4. Suppose 0 = -2*m + 3*m - 3. List the prime factors of i(m).
5
Let a = 2 + -5. Let i be (-7 - a/3)/(-1). Suppose -i + 2 = -p. What are the prime factors of p?
2
Let r be 1*3 - (21 - 5). Let w = r + 46. Suppose -5*u + 22 = -w. List the prime factors of u.
11
Suppose 0 = 2*b + b - i - 153, 0 = b + 5*i - 51. What are the prime factors of b?
3, 17
Let f be (-2 - 6)*(-2)/4. Suppose 11 = -5*w - 0*w + x, 0 = -f*x + 4. What are the prime factors of (w/(-4))/(2/40)?
2, 5
Suppose 36 = -4*x - 4*l + 232, -5*l = -3*x + 139. What are the prime factors of x?
2, 3
Suppose -l - q = 2, -l = q + 3*q + 14. Let u = l + 3. Suppose -t + 3*v = 1, -2*t = -u*t + 2*v + 18. What are the prime factors of t?
2
Let p(n) = n**3 + 3*n**2 - n. Let u be p(3). Suppose 3*y - 143 = 4*a, -2*a + 43 = 3*y + 110. Let d = u + a. List the prime factors of d.
2
Suppose -98 = -5*s + 37. What are the prime factors of s?
3
Let b = -130 + 73. Let k = -30 - b. What are the prime factors of k?
3
Let v = -67 - -144. What are the prime factors of v?
7, 11
Suppose -2*f + 12 = -3*f. Suppose 3*y + 27 = 4*y. Let v = f + y. What are the prime factors of v?
3, 5
Suppose -3*n - 37 = -2*h, -3*n - n + 104 = 4*h. List the prime factors of h.
23
Suppose -5*t - 93 = -m - 3*m, -2*t = -3*m + 61. Suppose 2*r = -m + 85. List the prime factors of r.
2, 17
What are the prime factors of (-75)/10*-2*(-13)/(-5)?
3, 13
List the prime factors of ((-18)/5)/(8/(-180)).
3
Let i = 123 - 15. Suppose 4*a - i = -0*a. What are the prime factors of a?
3
Suppose 0 = -4*o - 12, -p - o + 24 = 2*o. List the prime factors of p.
3, 11
Let g(z) = 3 - 4 - 5*z**2 - 2*z - 4*z**3 + 0*z. Let o(w) = -w**3. Let j(r) = -g(r) + 5*o(r). List the prime factors of j(5).
11
Suppose -3*o + 3*b - 582 = 0, 976 = -o - 4*o + 2*b. List the prime factors of o/(-6) + 2/6.
3, 11
Let i(g) = g + 8. Suppose 11 = 5*b - 9. Suppose -h = b*h. List the prime factors of i(h).
2
Suppose 3*y + 0*y - 15 = 0. Suppose -3*z + z - 2*d = -40, 2*z - y*d - 19 = 0. What are the prime factors of z?
17
Suppose 3*k = 4*b - 11 + 152, 0 = 3*k - 5*b - 141. Suppose -q - 3*j = -0 - 9, 4*q + j - k = 0. List the prime factors of q.
2, 3
Suppose 3*n - n + 3*p = 9, 25 = -5*p. Suppose 5*y - 2*y - n = 0. List the prime factors of y.
2
Suppose -h = 4, -4*n - h - 32 = -184. List the prime factors of n.
3, 13
Suppose 5*j - i + 5 = -0*j, -3*j - 4*i = -20. Suppose 169 = 5*z - 2*c, j*z + 2*z = 2*c + 70. List the prime factors of z.
3, 11
Let n = -33 + 13. Let r = -7 - n. What are the prime factors of r?
13
Suppose 0 = 3*d + x - 11, -4*d + 0*d + x = -24. Suppose z = 4*w - 16, 4*z + d*w - 36 = w. List the prime factors of (-140)/8*z/(-5).
2, 7
Let x(p) be the second derivative of 1/6*p**3 + 1/12*p**4 - 2*p - 2*p**2 + 0. What are the prime factors of x(-4)?
2
What are the prime factors of ((-110)/(-8))/((-31)/(-868))?
5, 7, 11
Suppose -3*d = t + 14, -3*t + 4*d + 6 = -4. What are the prime factors of t/(-8) - (-236)/16?
3, 5
Suppose -3*p + 19 = -38. List the prime factors of p.
19
Let f = -5 + 24. Suppose -45 + f = -l. What are the prime factors of l?
2, 13
Suppose -3*p = -1 + 7. Let l be p*(-1 - -2) + 1. What are the prime factors of -2 - (11/l + -2)?
11
Let i be 4/(-10) + (-12)/(-5). Let j(k) = -12*k + i + k**2 + 8*k - 8. What are the prime factors of j(6)?
2, 3
What are the prime factors of 76 - ((-12)/(-4) + -5)?
2, 3, 13
Suppose 7 = -3*m + 235. What are the prime factors of m?
2, 19
Let h = -6 - 9. What 